True
Does 5 divide 392?
False
Is 4 a factor of 271?
False
Is 1942 a multiple of 8?
False
Is 30 a factor of 581?
False
Does 22 divide 519?
False
Does 13 divide 383?
False
Is 44677 a multiple of 43?
True
Is 15 a factor of 7526?
False
Is 1640 a multiple of 44?
False
Does 2 divide 3?
False
Is 31 a factor of 1240?
True
Does 13 divide 11698?
False
Is 24 a factor of 5088?
True
Is 58 a factor of 8642?
True
Is 57 a factor of 2249?
False
Is 23 a factor of 96853?
True
Is 99 a multiple of 3?
True
Is 7 a factor of 133?
True
Is 19824 a multiple of 59?
True
Does 25 divide 838?
False
Does 13 divide 10918?
False
Does 32 divide 53760?
True
Is 41232 a multiple of 48?
True
Is 2928 a multiple of 16?
True
Is 24897 a multiple of 43?
True
Is 2119 a multiple of 78?
False
Does 14 divide 621?
False
Is 2345 a multiple of 7?
True
Is 14 a factor of 1329?
False
Is 7 a factor of 238?
True
Does 7 divide 764?
False
Is 1198 a multiple of 44?
False
Is 18734 a multiple of 27?
False
Is 9 a factor of 153?
True
Is 9 a factor of 365?
False
Is 818 a multiple of 6?
False
Is 3398 a multiple of 73?
False
Is 2006 a multiple of 21?
False
Does 11 divide 8509?
False
Is 24321 a multiple of 17?
False
Does 15 divide 24491?
False
Is 2397 a multiple of 17?
True
Does 45 divide 1800?
True
Does 16 divide 47600?
True
Does 210 divide 36960?
True
Is 39 a multiple of 7?
False
Is 1650 a multiple of 55?
True
Is 53 a factor of 5247?
True
Is 17770 a multiple of 12?
False
Is 6 a factor of 2475?
False
Is 1239 a multiple of 21?
True
Is 79 a factor of 90455?
True
Is 9 even?
False
Is 2 a factor of 409?
False
Is 423 a factor of 4054?
False
Is 3 a factor of 270?
True
Is 10987 a multiple of 20?
False
Is 56 a factor of 21784?
True
Is 37 a factor of 31836?
False
Is 15 a factor of 10545?
True
Is 37 a factor of 17242?
True
Is 10 a factor of 501?
False
Is 3106 a multiple of 69?
False
Is 2958 a multiple of 138?
False
Does 20 divide 1340?
True
Does 14 divide 137?
False
Is 8 a factor of 16?
True
Is 3 a factor of 826?
False
Does 3 divide 46764?
True
Is 329 a factor of 20595?
False
Is 5 a factor of 175?
True
Is 12768 a multiple of 84?
True
Is 27 a factor of 1286?
False
Is 62 a factor of 2294?
True
Is 1034 a multiple of 6?
False
Is 35 a factor of 350?
True
Is 2619 a multiple of 9?
True
Does 10 divide 36310?
True
Does 29 divide 876?
False
Does 34 divide 952?
True
Is 3467 a multiple of 16?
False
Is 926 a multiple of 6?
False
Is 570 a multiple of 5?
True
Is 20 a factor of 80?
True
Does 25 divide 347?
False
Is 42 a factor of 1478?
False
Is 11 a factor of 46343?
True
Does 174 divide 20924?
False
Is 544 a multiple of 86?
False
Is 1526 a multiple of 109?
True
Does 92 divide 19009?
False
Is 324 a multiple of 6?
True
Does 38 divide 2055?
False
Is 6629 a multiple of 12?
False
Is 846 a multiple of 47?
True
Does 9 divide 1924?
False
Is 1427 a multiple of 54?
False
Is 7242 a multiple of 17?
True
Is 26 a factor of 5814?
False
Does 12 divide 1956?
True
Is 18055 a multiple of 16?
False
Is 375 even?
False
Does 71 divide 10721?
True
Is 2356 a multiple of 31?
True
Is 37 a factor of 928?
False
Is 5 a factor of 2195?
True
Is 85 a factor of 1955?
True
Is 33 a factor of 476?
False
Is 6 a factor of 74184?
True
Does 22 divide 12298?
True
Is 243 a multiple of 27?
True
Is 64 a factor of 875?
False
Does 57 divide 855?
True
Does 21 divide 166425?
True
Does 2 divide 170?
True
Does 17 divide 15385?
True
Is 26275 a multiple of 32?
False
Does 13 divide 1729?
True
Does 9 divide 4818?
False
Does 61 divide 7518?
False
Is 646 a multiple of 40?
False
Is 264 a multiple of 4?
True
Is 1262 a multiple of 8?
False
Is 1380 a multiple of 28?
False
Does 13 divide 2106?
True
Is 20 a factor of 150?
False
Does 4 divide 2274?
False
Does 34 divide 2829?
False
Does 14 divide 980?
True
Does 5 divide 3965?
True
Is 351 a multiple of 3?
True
Is 43 a factor of 36133?
False
Is 10304 a multiple of 56?
True
Is 2207 a multiple of 28?
False
Is 4 a factor of 856?
True
Is 9509 a multiple of 118?
False
Is 556 a multiple of 7?
False
Is 136 a factor of 22712?
True
Does 12 divide 660?
True
Is 609 a multiple of 21?
True
Is 1444 a multiple of 10?
False
Does 16 divide 448?
True
Does 70 divide 6090?
True
Does 10 divide 400?
True
Does 30 divide 1110?
True
Does 12 divide 1037?
False
Does 4 divide 4826?
False
Is 36 a factor of 396?
True
Is 540 a multiple of 9?
True
Does 12 divide 4116?
True
Is 13 a factor of 71110?
True
Is 12 a factor of 5684?
False
Does 27 divide 540?
True
Is 17101 a multiple of 8?
False
Does 13 divide 299?
True
Is 511 a multiple of 16?
False
Is 1196 a multiple of 52?
True
Does 82 divide 5456?
False
Is 24 a factor of 1622?
False
Does 9 divide 623?
False
Does 113 divide 13173?
False
Does 132 divide 48444?
True
Is 8 a factor of 6368?
True
Is 18 a factor of 3294?
True
Is 9 a factor of 40050?
True
Does 16 divide 3385?
False
Is 536 a multiple of 4?
True
Does 6 divide 384?
True
Does 30 divide 2190?
True
Is 124 a multiple of 31?
True
Is 2429 a multiple of 72?
False
Is 3534 a multiple of 12?
False
Is 7 a factor of 2140?
False
Does 12 divide 1476?
True
Does 96 divide 22644?
False
Does 21 divide 11692?
False
Does 51 divide 2142?
True
Is 900 a multiple of 45?
True
Does 16 divide 14848?
True
Is 301 a multiple of 43?
True
Is 814 a multiple of 74?
True
Is 31 a factor of 1087?
False
Does 8 divide 3696?
True
Is 1699 a multiple of 6?
False
Is 38 a factor of 5578?
False
Is 36 a factor of 31055?
False
Does 92 divide 46000?
True
Is 13787 a multiple of 17?
True
Does 2 divide 1865?
False
Does 138 divide 40296?
True
Is 24 a factor of 48?
True
Does 6 divide 10752?
True
Is 816 a multiple of 12?
True
Does 5 divide 161?
False
Is 6191 a multiple of 70?
False
Does 10 divide 100?
True
Does 18 divide 705?
False
Is 27 a factor of 933?
False
Is 9 a factor of 16?
False
Does 10 divide 925?
False
Is 1809 a multiple of 67?
True
Is 12 a factor of 576?
True
Is 14 a factor of 2912?
True
Is 41 a factor of 1298?
False
Is 32 a factor of 54425?
False
Does 21 divide 1872?
False
Is 3535 a multiple of 14?
False
Is 4 a factor of 1972?
True
Is 14 a factor of 7209?
False
Does 4 divide 2079?
False
Is 34 a factor of 2346?
True
Does 69 divide 1098?
False
Is 4968 a multiple of 46?
True
Does 9 divide 324?
True
Is 38 a factor of 798?
True
Is 305 a multiple of 12?
False
Is 1970 a multiple of 10?
True
Is 2443 a multiple of 7?
True
Does 4 divide 1084?
True
Is 728 a multiple of 52?
True
Is 15 a factor of 6435?
True
Does 21 divide 3591?
True
Is 11918 a multiple of 84?
False
Is 147 a factor of 1433?
False
Does 10 divide 500?
True
Does 6 divide 360?
True
Is 682 a multiple of 25?
False
Is 6510 a multiple of 62?
True
Is 2 a factor of 4591?
False
Is 5 a factor of 67?
False
Does 31 divide 1178?
True
Does 92 divide 1349?
False
Is 1125 a multiple of 64?
False
Is 37835 a multiple of 23?
True
Is 3833 even?
False
Is 4300 a multiple of 26?
False
Is 4048 a multiple of 88?
True
Is 111771 a multiple of 187?
False
Is 3863 a multiple of 10?
False
Is 188 a multiple of 47?
True
Does 9 divide 2899?
False
Is 387 a multiple of 3?
True
Is 5 a factor of 1720?
True
Does 22 divide 1150?
False
Is 28586 a multiple of 9?
False
Is 40 a factor of 21760?
True
Does 9 divide 396?
True
Does 19 divide 64125?
True
Does 7 divide 970?
False
Is 23 a factor of 30?
False
Is 6 a factor of 3389?
False
Does 4 divide 163?
False
Is 462 a multiple of 42?
True
Does 191 divide 4405?
False
Is 80 a factor of 3200?
True
Is 162 a multiple of 6?
True
Is 560 a multiple of 11?
False
Does 43 divide 10578?
True
Is 29 even?
False
Does 98 divide 12446?
True
Is 28 a factor of 875?
False
Is 13 a factor of 9061?
True
Is 8626 a multiple of 38?
True
Does 34 divide 12784?
True
Is 21700 a multiple of 14?
True
Is 5700 a multiple of 50?
True
Does 185 divide 24235?
True
Is 3045 a multiple of 203?
True
Is 120 a multiple of 13?
False
Is 1260 a multiple of 36?
True
Is 4 a factor of 54?
False
Is 2874 a multiple of 86?
False
Is 24 a factor of 2855?
False
Is 29230 a multiple of 10?
True
Is 42 a factor of 924?
True
Is 21 a factor of 4138?
False
Is 17864 a multiple of 88?
True
Is 16 a factor of 13695?
False
Is 1517 a multiple of 26?
False
Is 598 a multiple of 2?
True
Is 10812 a multiple of 91?
False
Is 14 a factor of 15830?
False
Is 164 a factor of 1476?
True
Is 17 a factor of 10882?
False
Is 51472 a multiple of 8